-2
What is -40 (base 7) in base 9?
-31
-10 (base 12) to base 11
-11
-237 (base 9) to base 8
-304
311 (base 4) to base 2
110101
What is -b0 (base 12) in base 3?
-11220
30 (base 11) to base 3
1020
What is 55 (base 6) in base 3?
1022
14 (base 13) to base 9
18
-2 (base 10) to base 9
-2
111 (base 3) to base 10
13
Convert 5 (base 15) to base 7.
5
-61 (base 13) to base 11
-72
What is 0 (base 10) in base 9?
0
What is -12 (base 4) in base 11?
-6
What is -12 (base 5) in base 15?
-7
21 (base 3) to base 4
13
Convert 217 (base 10) to base 12.
161
Convert 10 (base 3) to base 7.
3
What is 41 (base 12) in base 8?
61
What is 17 (base 16) in base 14?
19
What is -26 (base 10) in base 3?
-222
What is 5 (base 10) in base 3?
12
What is 13 (base 16) in base 5?
34
What is 1 (base 12) in base 6?
1
What is -132 (base 15) in base 13?
-17c
Convert 2143 (base 5) to base 2.
100101010
-14 (base 14) to base 15
-13
What is -3003 (base 4) in base 15?
-d0
-1010 (base 2) to base 3
-101
Convert -5 (base 8) to base 5.
-10
What is -4 (base 12) in base 2?
-100
-11 (base 3) to base 16
-4
Convert -54 (base 15) to base 5.
-304
Convert -1 (base 4) to base 11.
-1
-5 (base 13) to base 16
-5
What is -6 (base 8) in base 16?
-6
What is 6 (base 10) in base 2?
110
What is 1 (base 5) in base 13?
1
-20 (base 16) to base 12
-28
10 (base 2) to base 13
2
What is -8 (base 13) in base 10?
-8
What is 151 (base 7) in base 16?
55
What is -1 (base 13) in base 15?
-1
-10 (base 2) to base 16
-2
What is 1111 (base 3) in base 2?
101000
51 (base 6) to base 15
21
Convert -43 (base 14) to base 12.
-4b
3 (base 14) to base 8
3
Convert -92 (base 14) to base 4.
-2000
-204 (base 6) to base 16
-4c
What is -2 (base 10) in base 4?
-2
What is 1001010 (base 2) in base 7?
134
What is -123 (base 4) in base 2?
-11011
What is -2 (base 8) in base 16?
-2
Convert -323 (base 7) to base 13.
-c8
What is -9 (base 11) in base 12?
-9
-10 (base 16) to base 12
-14
1402 (base 6) to base 8
552
Convert 203 (base 5) to base 8.
65
Convert 8 (base 16) to base 13.
8
What is 52 (base 11) in base 7?
111
-15 (base 9) to base 13
-11
What is -33 (base 8) in base 7?
-36
Convert 3 (base 12) to base 10.
3
What is -11 (base 7) in base 10?
-8
What is 10010 (base 2) in base 15?
13
What is 18 (base 11) in base 3?
201
Convert -7 (base 9) to base 4.
-13
What is -19 (base 16) in base 14?
-1b
-11 (base 3) to base 2
-100
124 (base 7) to base 6
151
Convert -70 (base 12) to base 15.
-59
Convert 1 (base 16) to base 14.
1
What is -405 (base 6) in base 5?
-1044
3203 (base 4) to base 2
11100011
Convert -20 (base 3) to base 5.
-11
Convert -2 (base 10) to base 11.
-2
3 (base 15) to base 11
3
0 (base 7) to base 5
0
Convert 15b (base 15) to base 3.
102112
What is -2a (base 14) in base 5?
-123
-3 (base 5) to base 7
-3
Convert 100 (base 2) to base 9.
4
Convert -1 (base 3) to base 7.
-1
23 (base 7) to base 3
122
Convert 44 (base 8) to base 13.
2a
What is 0 (base 13) in base 9?
0
Convert 200 (base 6) to base 14.
52
Convert -8c (base 16) to base 7.
-260
What is -20 (base 16) in base 3?
-1012
Convert 40 (base 7) to base 8.
34
What is -6 (base 12) in base 11?
-6
-13 (base 13) to base 9
-17
1 (base 4) to base 5
1
What is -55 (base 8) in base 14?
-33
-9 (base 12) to base 15
-9
Convert -5 (base 16) to base 8.
-5
-89 (base 13) to base 4
-1301
-1 (base 15) to base 6
-1
What is 0 (base 11) in base 9?
0
Convert 6 (base 12) to base 5.
11
Convert 2 (base 6) to base 10.
2
-11 (base 4) to base 15
-5
What is 126 (base 9) in base 14?
77
-5 (base 16) to base 11
-5
Convert -2 (base 6) to base 2.
-10
What is 21 (base 6) in base 16?
d
What is -b (base 16) in base 8?
-13
-223 (base 11) to base 6
-1123
4b (base 12) to base 4
323
Convert 200 (base 3) to base 11.
17
What is 10 (base 6) in base 9?
6
3 (base 5) to base 14
3
What is 5 (base 9) in base 6?
5
-26 (base 11) to base 5
-103
Convert -4 (base 14) to base 8.
-4
What is 5 (base 10) in base 4?
11
What is -11 (base 2) in base 7?
-3
1011 (base 3) to base 13
25
What is 2 (base 3) in base 10?
2
-52 (base 13) to base 7
-124
What is b (base 13) in base 11?
10
Convert -442 (base 5) to base 9.
-145
Convert 375 (base 10) to base 4.
11313
47 (base 15) to base 12
57
Convert -30 (base 14) to base 2.
-101010
Convert -1 (base 12) to base 5.
-1
-210 (base 4) to base 8
-44
Convert -f7 (base 16) to base 9.
-304
Convert 9 (base 11) to base 8.
11
-1 (base 13) to base 10
-1
Convert 0 (base 6) to base 7.
0
What is 227 (base 9) in base 4?
2323
What is -2 (base 7) in base 3?
-2
What is -225 (base 11) in base 9?
-328
43 (base 6) to base 3
1000
What is 1 (base 13) in base 5?
1
Convert 52 (base 9) to base 4.
233
-1110101 (base 2) to base 16
-75
What is -1 (base 14) in base 16?
-1
1 (base 15) to base 6
1
What is -1 (base 4) in base 2?
-1
What is -10 (base 3) in base 9?
-3
What is 0 (base 3) in base 10?
0
What is 14 (base 5) in base 15?
9
Convert 1 (base 15) to base 6.
1
What is -34 (base 6) in base 15?
-17
55 (base 7) to base 5
130
What is 212 (base 9) in base 13?
104
Convert 1 (base 3) to base 6.
1
What is 52 (base 6) in base 5?
112
What is 16 (base 9) in base 11?
14
What is 80 (base 16) in base 13?
9b
What is 223 (base 4) in base 6?
111
Convert -2 (base 3) to base 13.
-2
Convert -8 (base 12) to base 9.
-8
21 (base 3) to base 11
7
Convert 10111 (base 3) to base 11.
86
-16 (base 8) to base 7
-20
Convert 40 (base 8) to base 4.
200
-eb (base 15) to base 8
-335
What is -b (base 13) in base 14?
-b
Convert 1 (base 15) to base 6.
1
Convert -d (base 15) to base 9.
-14
What is -41 (base 12) in base 15?
-34
Convert -101 (base 3) to base 10.
-10
What is 0 (base 8) in base 12?
0
-2 (base 6) to base 11
-2
-53 (base 6) to base 9
-36
2b (base 15) to base 7
56
Convert 0 (base 12) to base 11.
0
-57 (base 9) to base 4
-310
Convert 0 (base 4) to base 11.
0
What is 10 (base 5) in base 15?
5
112 (base 3) to base 7
20
Convert 4 (base 13) to base 2.
100
Convert 3 (base 14) to base 2.
11
What is 122 (base 7) in base 12?
55
-91 (base 14) to base 4
-1333
What is -7 (base 16) in base 13?
-7
What is 0 (base 15) in base 4?
0
What is 111 (base 3) in base 13?
10
-18 (base 13) to base 11
-1a
What is -1000 (base 2) in base 6?
-12
1b (base 14) to base 5
100
7 (base 12) to base 10
7
What is -da (base 15) in base 14?
-109
What is 2 (base 16) in base 12?
2
Convert 1102 (base 3) to base 8.
46
Convert 4 (base 15) to base 3.
11
Convert -10 (base 2) to base 4.
-2
2 (base 10) to base 14
2
What is 2f (base 16) in base 11?
43
What is 3 (base 13) in base 8?
3
-104 (base 9) to base 11
-78
Convert -163 (base 11) to base 5.
-1230
What is 28 (base 12) in base 13?
26
What is 70 (base 14) in base 6?
242
What is 47 (base 16) in base 13?
56
Convert -5 (base 16) to base 15.
-5
Convert 10 (base 2) to base 10.
2
What is 6 (base 9) in base 16?
6
What is 3 (base 5) in base 8?
3
-3 (base 14) to base 15
-3
Convert 2 (base 4) to base 9.
2
82 (base 9) to base 6
202
What is -6 (base 16) in base 12?
-6
-4 (base 9) to base 2
-100
6 (base 12) to base 6
10
237 (base 8) to base 3
12220
Convert -6 (base 11) to base 15.
-6
What is 101 (base 3) in base 14?
a
-20011 (base 3) to base 14
-bc
1c (base 14) to base 4
122
What is 220 (base 3) in base 12?
20
Convert -343 (base 10) to base 9.
-421
Convert -38 (base 10) to base 9.
-42
Convert 3 (base 4) to base 14.
3
Convert -133 (base 4) to base 13.
-25
-12 (base 7) to base 10
-9
54 (base 10) to base 9
60
0 (base 8) to base 12
0
Convert 24 (base 5) to base 3.
112
Convert 5 (base 7) to base 3.
12
What is -121 (base 7) in base 4?
-1000
-3 (base 11) to base 10
-3
What is 0 (base 3) in base 4?
0
What is 2220 (base 3) in base 14?
58
Convert -1 (base 12) to base 14.
-1
Convert 12 (base 5) to base 4.
13
Convert 10 (base 12) to base 5.
22
Convert 7 (base 10) to base 7.
10
What is -6a (base 16) in base 10?
-106
1003 (base 5) to base 12
a8
Convert 3 (base 14) to base 10.
3
-36 (base 16) to base 14
-3c
1011 (base 2) to base 5
21
Convert 88 (base 15) to base 11.
107
Convert 12111 (base 3) to base 2.
10010100
Convert 42 (base 5) to base 8.
26
What is 1 (base 3) in base 16?
1
Convert 3 (base 4) to base 15.
3
Convert -11 (base 4) to base 14.
-5
24 (base 12) to base 14
20
Convert -4 (base 13) to base 7.
-4
Convert 12 (base 4) to base 3.
20
-21 (base 11) to base 15
-18
What is 110 (base 2) in base 13?
6
Conve